t is the units digit of j(-13)?
4
Suppose -22 = -n - 1. What is the units digit of n?
1
Suppose 4*d + 4*g - 261 = 63, -3*g = -5*d + 397. What is the units digit of d?
0
Let j(q) = q**3 + 3*q**2 - 3*q - 4. Let h be j(-4). Let t be (27/(-2))/((-4)/h). Let v = -15 - t. What is the tens digit of v?
1
Let v = 7 - 3. Suppose j - v = -0. What is the units digit of j?
4
Let h = 0 + 36. What is the units digit of h?
6
Let x(g) = g**2 + 4*g + 1. Let z be x(-4). Let h(n) = 11*n**3 + n**2 - n. What is the units digit of h(z)?
1
Suppose -25*l = -21*l - 36. What is the units digit of l?
9
Suppose -4*m - 4*z = -147 - 97, 4*m - z = 254. What is the tens digit of m?
6
Suppose 5*r = -0*r + 45. What is the units digit of 161/3 - r/(-27)?
4
Suppose 2*n - 3*v - 19 = 0, -3*n + 3*v = n - 47. What is the units digit of n?
4
Let h = -3 - -3. Suppose h = -8*d + 3*d. Suppose -g - g - c + 11 = d, 2 = -g + 2*c. What is the units digit of g?
4
What is the units digit of 3/2*(-70)/(-3)?
5
Let n = -12 - -12. Suppose -3*q + 45 = -n*q. What is the tens digit of q?
1
Let m = -17 + 10. Let w = m + 5. What is the tens digit of (-3)/(w/(20/3))?
1
Let v(x) = -x**3 + 5*x**2 + x - 5. What is the units digit of v(4)?
5
Suppose 72 - 12 = n + 4*c, 0 = -5*n - c + 376. What is the tens digit of n?
7
What is the units digit of 1 + (-5)/((-5)/4)?
5
Let p(m) = m + 3. Let n be p(3). Suppose 3*o - 2*s = n*o + 2, -16 = 4*s. What is the units digit of o?
2
Let t = 5 - -6. Let q = t - -8. What is the units digit of q?
9
Let j(g) = 9*g - 1. Suppose 5*s + p - 10 = 0, -2*s - p - 2 + 3 = 0. Let a be j(s). Let l = -17 + a. What is the units digit of l?
9
What is the hundreds digit of (-30)/60 - (-690)/4?
1
Let l(p) = 0*p + 4*p - 4 + 3. Let q be l(1). Suppose q*y = -2 + 26. What is the units digit of y?
8
Suppose 4*w = 5*h + 5, -w + 10 = 3*h - 6*w. Let u be 24/10 + 2/h. Suppose 0*x - u*t - 32 = -4*x, t + 10 = x. What is the units digit of x?
6
What is the tens digit of ((-2)/(-4))/((-3)/(-414))?
6
Let p(l) = -l**3 - 3*l + 2 + l - 3*l**2 + 1 - 1. Let c = -6 + 3. What is the units digit of p(c)?
8
Let z = 8 - 5. Let o(d) = 4*d - 2. What is the units digit of o(z)?
0
Let a = 8 + -13. Let z = 6 + a. What is the units digit of z?
1
Let v be (2/(-5))/((-1)/5). Suppose -3*l - v*l + 75 = 0. What is the units digit of l?
5
Let y(q) = 4*q**2 - q - 1. What is the tens digit of y(-3)?
3
Suppose -6*s + 5*s = 8. Let x = 9 + s. What is the units digit of x?
1
Let t = -19 + 23. Suppose -20 = -2*v - t. What is the units digit of v?
8
Let j = 7 - 5. Suppose f = 5*h + 14, j*f - 3*h - 34 = h. What is the units digit of f?
9
Let i(t) = 2*t + 1. Let a be i(-5). Let m(x) = -x**2 - 11*x - 4. What is the tens digit of m(a)?
1
What is the units digit of 1 + -2 - (-43 + -4)?
6
Let m = -14 + 20. What is the units digit of m?
6
Let p(j) = -2*j**3 + 2*j**2 + 3*j. Let z be p(3). Let y = -6 - z. What is the units digit of y?
1
Let j(n) = n**2 + 2*n. What is the units digit of j(-4)?
8
Suppose -5*u + 60 = 220. Let b = -19 - u. What is the units digit of b?
3
Let q = 118 - -170. What is the tens digit of q?
8
Let z(u) = -u**3 + 4*u**2 + 4*u + 2. Let b = 1 + 4. Let i be z(b). Let t = i + 7. What is the units digit of t?
4
Let z be 3*(4/(-3) + 0). What is the units digit of 15*9*z/(-12)?
5
Let x(m) = 68*m. Let o be x(1). Suppose -11 = -c + y, 4*c + 2*y = -0*y + o. Let g = -10 + c. What is the units digit of g?
5
Suppose 2*i - 8 = -2*j, -3*j = -j + 5*i - 14. What is the tens digit of 6/(j/15*3)?
1
Let m(a) be the first derivative of 10*a**3 - a**2/2 + 6. What is the tens digit of m(1)?
2
Let z be (-3)/(1 - 37/34). Suppose -3*d - 4 + z = 0. What is the units digit of d?
0
Let u(c) = 2*c**2 - 1. Let a(b) = 2*b - 2. Let w be a(2). What is the units digit of u(w)?
7
Let q = -6 + 15. Suppose 110 = q*j - 4*j. What is the units digit of j?
2
Let a(s) = s**3 - 6*s**2 + s - 5. Let f be a(6). What is the tens digit of 13 + -3 + f - -2?
1
Let g = -104 - -195. What is the tens digit of g?
9
Suppose 202 = 4*s - 14. Suppose 6 = 3*c - s. What is the tens digit of c?
2
Let w be (1 + -1)/(-1) - -1. Let t be -9*w*(-2)/(-3). What is the units digit of 1*7/((-7)/t)?
6
Suppose 5*w + 5*j + 9 = 54, 3*w = -4*j + 30. Let r(p) = 7 - p**2 - 7*p - 3*p**2 + 5*p**2. What is the units digit of r(w)?
1
Let r be 3*(16/6 - 2). Suppose 0 = -p - 3*p - 2*d - 2, 3*d = -p + r. Let o = p - -2. What is the units digit of o?
1
Let t be (-8)/(-5) + 4/10. Let z be ((-10)/4)/((-1)/t). Suppose 5 = z*b - 2*d - 24, 15 = 5*d. What is the units digit of b?
7
Suppose 6 = 2*t, 0 = -5*q + q + t + 137. Suppose 5*j = -5*v + q, -3*j - 22 - 5 = -3*v. What is the units digit of v?
8
Let h(o) = -o + 17. Let n(r) = r**3 + 7*r**2 + 7. Let p be n(-7). What is the units digit of h(p)?
0
Let v(f) = -f**2 + 53. What is the units digit of v(0)?
3
Let p(i) = i**3 - 2*i**2 - 6*i + 4. Let q be p(4). What is the units digit of 57/q - (-2)/8?
5
Suppose -4*l + 2*m - 828 = -9*l, 2*l - 327 = -5*m. What is the tens digit of l?
6
Let k be (-1 - -1) + 6/1. Let u be 2/(-6) - (-62)/k. Suppose -p = -3*w + u, 4*w + 2*p - 5 - 5 = 0. What is the units digit of w?
3
Let o = 3 + 0. Suppose 0 = -k + o*k - 60. What is the units digit of -2*3/((-9)/k)?
0
Suppose -2*q = -0*q - 40. What is the units digit of q?
0
Suppose 5*t - 20*t + 4635 = 0. What is the tens digit of t?
0
Suppose 4*t - 5*p + 5 = 0, -5*t + 3*t + 5 = 5*p. What is the units digit of (13 - (-2 - -1)) + t?
4
Let o(q) = q**2 - 7*q + 10. Let x be (-50)/(-6) - (-3)/(-9). Let l be o(x). Suppose -4*t + 10 + l = 0. What is the units digit of t?
7
Let f(v) = -114*v - 5. What is the hundreds digit of f(-2)?
2
Suppose 0 = -2*m - h + 3, -m + 0*m = -2*h - 9. Let u(n) = n**3 - 5*n**2 + n - 2. Let k be u(m). Let v = -8 - k. What is the units digit of v?
9
Let g = -12 - -22. What is the units digit of g/30 - 46/(-6)?
8
Suppose -84 = -3*i - 27. Let v = 5 + i. Suppose -21 = -5*s + v. What is the units digit of s?
9
Suppose 0*w = -2*w + 6. Suppose -b = -w - 0. Suppose -b*t = -t - 24. What is the tens digit of t?
1
Suppose 1 = -2*g - 3. What is the tens digit of ((-2)/(-3))/(g/(-39))?
1
Let y(f) = -f**3 - 2*f**2 + f + 2. Suppose 1 + 2 = -t. What is the units digit of y(t)?
8
Let j(u) = -34*u - 2. What is the tens digit of j(-1)?
3
Let h(t) = -t**3 - 3*t**2 + 2. Let k be h(-2). Let x(n) = n**3 - 6*n**2 + 4*n + 5. Let l be x(4). What is the units digit of k/l - 160/(-88)?
2
Let j be (8/14)/((-14)/(-49)). Let w be (j/(-2))/((-3)/6). Suppose 2*u + 2*g = 12, 2*g + w*g + 11 = 3*u. What is the units digit of u?
5
Suppose -3*g - 5*f = 20, -3*g - 3*f = -0*f + 12. What is the units digit of 0 - g/(-2) - -29?
9
Let o(c) = -c**3 + c + 0 - 5 + 2*c + 8*c**2. Let k = -30 + 38. What is the units digit of o(k)?
9
Let b be 1 - (-2 + -1 + 2). Suppose -4 = 2*u, -3*j + 2*u = -2*u - 23. Suppose -3*y - 2 - 18 = -j*k, 23 = -b*k - 5*y. What is the units digit of k?
1
What is the tens digit of (-6)/10*(-4 + -41)?
2
Let y(q) = -q**3 + 7*q**2 - 8*q + 9. Let d be y(6). Let a(p) = -p**3 - 3*p**2 + 6*p + 7. Let x be a(-4). Let i = x - d. What is the units digit of i?
2
Suppose 0 = -6*g + 4*g - 14. Let l = g - -10. What is the units digit of l?
3
Let q be (2/1)/(2/(-5)). Let g = 1 - q. What is the units digit of g?
6
Let t(j) = 11*j + 26. What is the units digit of t(8)?
4
Let t(s) = s**3 - 10*s**2 + 9*s + 6. Let h be t(9). Let y be (3/h)/((-1)/(-110)). Suppose 2*i - 7*i + y = 0. What is the units digit of i?
1
Suppose -3*o - 11 = 7. Let n(u) = -3*u - 6. What is the tens digit of n(o)?
1
Let h be ((-15)/10)/((-6)/368). Suppose 3*x - 12 = 4*d - h, -2*d + 66 = 5*x. What is the units digit of d?
3
Let k = 131 + 70. What is the units digit of k?
1
Let d = 10 - -24. What is the units digit of d?
4
Suppose -6 = -p + 2*w, 5*p - 3*w = 34 + 17. Let g = p - 9. What is the units digit of g?
3
Suppose 99 = -2*o + 5*o. What is the tens digit of o?
3
Suppose 0 = -2*r + g + 85, -2*g + 74 = 2*r - 8. What is the units digit of r?
2
Let c(t) = -t**2 + 5*t - 2. Let j be c(3). Suppose -i + j*i + 3 = 0. What is the units digit of 2*1*i/(-2)?
1
Let d be 6 + (-4 - (-2 + 1)). What is the tens digit of (-105)/10*(-8)/d?
2
Suppose -40 = 4*w - 2*i, i + 3*i = -4*w - 16. Suppose -o + 59 = -5*h - 6, 0 = -o + 5. Let a = w - h. What is th